at is the hundred thousands digit of 948043?
9
What is the hundred thousands digit of 3050488?
0
What is the hundred thousands digit of 3426781?
4
What is the units digit of 5729886?
6
What is the hundred thousands digit of 20065635?
0
What is the ten thousands digit of 9496247?
9
What is the tens digit of 1801138?
3
What is the millions digit of 2152955?
2
What is the hundred thousands digit of 2706466?
7
What is the ten thousands digit of 228269?
2
What is the hundred thousands digit of 727119?
7
What is the ten thousands digit of 5325801?
2
What is the hundred thousands digit of 2521748?
5
What is the hundred thousands digit of 390134?
3
What is the millions digit of 4361653?
4
What is the thousands digit of 259409?
9
What is the units digit of 13073208?
8
What is the units digit of 3287883?
3
What is the tens digit of 10606540?
4
What is the thousands digit of 2974271?
4
What is the units digit of 1813773?
3
What is the hundreds digit of 407006?
0
What is the hundred thousands digit of 254625?
2
What is the hundred thousands digit of 3363607?
3
What is the tens digit of 80902?
0
What is the tens digit of 557199?
9
What is the ten thousands digit of 792225?
9
What is the hundreds digit of 1502577?
5
What is the ten thousands digit of 242406?
4
What is the units digit of 97033?
3
What is the ten millions digit of 11608470?
1
What is the units digit of 275579?
9
What is the tens digit of 253256?
5
What is the units digit of 323615?
5
What is the tens digit of 126735?
3
What is the hundreds digit of 5436?
4
What is the thousands digit of 5364583?
4
What is the tens digit of 206794?
9
What is the hundreds digit of 160996?
9
What is the tens digit of 185380?
8
What is the thousands digit of 11252539?
2
What is the ten thousands digit of 1014772?
1
What is the thousands digit of 31283039?
3
What is the ten thousands digit of 527855?
2
What is the units digit of 3317956?
6
What is the ten thousands digit of 3316533?
1
What is the thousands digit of 3709252?
9
What is the hundreds digit of 2134374?
3
What is the hundreds digit of 107237?
2
What is the hundred thousands digit of 729886?
7
What is the hundred thousands digit of 8002565?
0
What is the hundred thousands digit of 314868?
3
What is the hundred thousands digit of 532867?
5
What is the ten thousands digit of 374039?
7
What is the millions digit of 2122065?
2
What is the hundreds digit of 527120?
1
What is the units digit of 522704?
4
What is the hundreds digit of 297986?
9
What is the hundreds digit of 12756612?
6
What is the hundreds digit of 1268105?
1
What is the units digit of 259985?
5
What is the ten thousands digit of 6090436?
9
What is the units digit of 3809285?
5
What is the hundred thousands digit of 26836010?
8
What is the hundred thousands digit of 655388?
6
What is the units digit of 7386879?
9
What is the hundred thousands digit of 728970?
7
What is the tens digit of 154790?
9
What is the hundred thousands digit of 497372?
4
What is the ten thousands digit of 159066?
5
What is the units digit of 10614729?
9
What is the ten thousands digit of 22332387?
3
What is the hundreds digit of 7462023?
0
What is the tens digit of 711916?
1
What is the tens digit of 9913175?
7
What is the thousands digit of 32291?
2
What is the hundred thousands digit of 1401463?
4
What is the tens digit of 2069509?
0
What is the hundred thousands digit of 210794?
2
What is the thousands digit of 1056412?
6
What is the hundred thousands digit of 3366059?
3
What is the ten thousands digit of 988749?
8
What is the tens digit of 116714?
1
What is the millions digit of 1911776?
1
What is the units digit of 98983?
3
What is the hundred thousands digit of 231853?
2
What is the tens digit of 480348?
4
What is the units digit of 6106456?
6
What is the hundreds digit of 438363?
3
What is the units digit of 471089?
9
What is the thousands digit of 85305?
5
What is the units digit of 30842?
2
What is the hundreds digit of 30508774?
7
What is the thousands digit of 2005367?
5
What is the units digit of 9573660?
0
What is the thousands digit of 17824403?
4
What is the hundred thousands digit of 4816488?
8
What is the hundred thousands digit of 119134?
1
What is the ten thousands digit of 6477657?
7
What is the units digit of 7103088?
8
What is the thousands digit of 92690?
2
What is the hundred thousands digit of 406869?
4
What is the thousands digit of 1442555?
2
What is the units digit of 88820?
0
What is the ten thousands digit of 18122704?
2
What is the units digit of 4663572?
2
What is the units digit of 45040?
0
What is the ten thousands digit of 16996?
1
What is the ten millions digit of 21005496?
2
What is the hundred thousands digit of 7421517?
4
What is the units digit of 1101170?
0
What is the units digit of 1143391?
1
What is the ten thousands digit of 344758?
4
What is the hundreds digit of 4137905?
9
What is the tens digit of 56993?
9
What is the ten thousands digit of 158408?
5
What is the ten thousands digit of 424537?
2
What is the thousands digit of 567286?
7
What is the ten thousands digit of 796096?
9
What is the thousands digit of 199543?
9
What is the tens digit of 237546?
4
What is the thousands digit of 778620?
8
What is the ten thousands digit of 161277?
6
What is the hundred thousands digit of 39944695?
9
What is the tens digit of 5416945?
4
What is the ten thousands digit of 198400?
9
What is the units digit of 2122182?
2
What is the units digit of 149594?
4
What is the units digit of 292116?
6
What is the thousands digit of 29206?
9
What is the hundreds digit of 834839?
8
What is the tens digit of 231135?
3
What is the ten thousands digit of 3237023?
3
What is the hundred thousands digit of 1157112?
1
What is the ten thousands digit of 635874?
3
What is the tens digit of 31909733?
3
What is the hundreds digit of 237066?
0
What is the ten thousands digit of 1661198?
6
What is the thousands digit of 29388119?
8
What is the units digit of 863106?
6
What is the hundreds digit of 484482?
4
What is the tens digit of 6573694?
9
What is the tens digit of 709747?
4
What is the thousands digit of 3484442?
4
What is the hundreds digit of 2667667?
6
What is the thousands digit of 237168?
7
What is the tens digit of 10621765?
6
What is the hundred thousands digit of 4148913?
1
What is the hundred thousands digit of 714853?
7
What is the tens digit of 491418?
1
What is the thousands digit of 1542649?
2
What is the millions digit of 1101214?
1
What is the thousands digit of 443968?
3
What is the hundreds digit of 8782273?
2
What is the millions digit of 2179451?
2
What is the ten thousands digit of 540900?
4
What is the hundred thousands digit of 2224137?
2
What is the thousands digit of 44862?
4
What is the hundred thousands digit of 338576?
3
What is the hundreds digit of 901859?
8
What is the tens digit of 2130710?
1
What is the ten thousands digit of 1527502?
2
What is the tens digit of 276387?
8
What is the thousands digit of 205592?
5
What is the tens digit of 716053?
5
What is the tens digit of 176224?
2
What is the thousands digit of 15238439?
8
What is the hundred thousands digit of 139898?
1
What is the ten thousands digit of 1763197?
6
What is the units digit of 37438?
8
What is the ten thousands digit of 6813038?
1
What is the hundred thousands digit of 3378740?
3
What is the millions digit of 3751885?
3
What is the tens digit of 24460558?
5
What is the units digit of 2243709?
9
What is the ten thousands digit of 2556803?
5
What is the units digit of 217762?
2
What is the hundreds digit of 310114?
1
What is the tens digit of 724924?
2
What is the ten thousands digit of 113767?
1
What is the thousands digit of 73596?
3
What is the millions digit of 1655407?
1
What is the hundred thousands digit of 1810731?
8
What is the ten thousands digit of 3064280?
6
What is the hundreds digit of 340147?
1
What is the ten thousands digit of 45933?
4
What is the ten thousands digit of 2016255?
1
What is the millions digit of 1760812?
1
What is the hundred thousands digit of 3287010?
2
What is the millions digit of 2102708?
2
What is the millions digit of 32645052?
2
What is the hundreds digit of 10840608?
6
What is the ten millions digit of 10698606?
1
What is the tens digit of 34645?
4
What is the mil